 Let v = o - 1180. Suppose 0*d - v = -8*d. Is d a composite number?
False
Is -5512506*((-9)/3)/18 composite?
False
Suppose -5*n + z = -4*n - 11787, 4*n - z = 47157. Suppose l - 3*j - n = 8048, 4*j + 99201 = 5*l. Is l a prime number?
True
Let p = -305 - -313. Suppose 34610 = 4*t + m, -4*m + p*m = -8. Is t a composite number?
True
Is (18489735/594)/(10/4) prime?
True
Suppose 132*i - 287068 = -2*a + 137*i, 0 = -2*a - 5*i + 287128. Is a a prime number?
False
Let l be -2442*-9*5/(-30). Let f = -2523 - l. Let h = f + -41. Is h prime?
False
Let n be (0 - 12/8)*60/(-9). Let u be 1 - (1 - 0) - (2 - n). Is (259 - -1) + (u - 5) a composite number?
False
Let b = 23 - 75. Let m = b - -54. Suppose -m*v = 4*r - 238, -3*r - 92 - 329 = -4*v. Is v composite?
False
Let r(w) = 854*w**2 - 3*w - 3. Let m be r(-1). Suppose -6*g + 4*g + m = 0. Let v = 1164 - g. Is v a prime number?
False
Let n = 317142 - 163949. Is n prime?
False
Let b be 13/4 - 9/(-12). Suppose 1098 = b*r - 1706. Is r a prime number?
True
Suppose -4 = -2*k, k - 4*k = 5*f - 16426. Let x be ((-77)/(-22))/(5/(-2) + 3). Suppose -x*y = -f - 1455. Is y composite?
False
Let m(c) = -2256*c**2 + c + 1. Let x be m(1). Let u = x + 1330. Let p = u - -1825. Is p prime?
False
Suppose 0 = 2*o - 2 - 30. Suppose 4*j = 5*g + 296, 9*j = 10*j + g - 74. Suppose j = -15*w + o*w. Is w prime?
False
Let n be 12851 + -2 - 9/12*-4. Suppose -6392 - 6470 = -2*t + 4*s, 0 = -2*t + 2*s + n. Is t a composite number?
False
Suppose 5*h - 8*h + 33180 = -5*r, 0 = h + 4*r - 11077. Is h a prime number?
False
Is -5 - 282/(-54) - 12154620/(-108) prime?
True
Let x(c) = -c**2 - 7*c + 5. Let z be x(-4). Suppose z*t + 13513 = 68168. Is t composite?
True
Let t = 247 + 561. Let k = t - 132. Is (-15)/(-15) + k + 0 a composite number?
False
Let o = 22 + -10. Suppose -2*f = -5*l + o, -3*l + 2*l + 3 = -f. Suppose -2 = -l*b, -5*v - b + 914 = -42. Is v a prime number?
True
Suppose 399544 = -7*x + 136820. Let w = -24933 - x. Is w prime?
False
Let d = -10229 + 22066. Let q = d - 6116. Is q a prime number?
False
Suppose -4*z = 4*w - 96544, -41*z - 72413 = -44*z - 4*w. Is z a composite number?
True
Is (18 + 2629/33)/((-2)/(-498)) a composite number?
True
Let q = -8 + 122. Let c(j) = j**3 - 22*j**2 + 8*j + 11. Let w be c(22). Suppose -7*h + w = -q. Is h a composite number?
False
Suppose 209*z - 16431846 = 95*z. Is z a composite number?
False
Let h = -2411251 + 6739028. Is h a composite number?
False
Let s = 3 + 9. Suppose 4672 = -s*f + 16*f. Is 15/9 + -2 - f/(-3) composite?
False
Let m = -10040 + 15153. Is m prime?
True
Suppose -2*y - 2*b - 4876 = 0, y - 4*y - 7312 = 2*b. Let d = -533 - y. Is d composite?
True
Suppose -3*z + l = -0*l - 3, 3*z = 5*l + 3. Suppose -a - 2*x - x = -z, -3*a - 3*x = -9. Is (-3)/a*(0 + -4) + 84 prime?
False
Let x = 43 + -41. Let v be 5 + x*(-15)/(-10). Let k(f) = f**3 - 7*f**2 + 2*f - 1. Is k(v) composite?
False
Suppose 446*l - 192 = 452*l. Is l/80*(-96395)/2 a composite number?
True
Let b = 20596 - -13743. Is b prime?
False
Let z be (-6)/(-15) - 208/20. Let d be (-11648)/5 + 4/z. Is (d/50)/(1/(-5)) composite?
False
Suppose 3*r + 30541 = -5*n, -2*r - r = -2*n - 12229. Is 0 + 3 - 11/(11/n) a prime number?
True
Let c be (2 + (68/(-3) - -2))*162. Let p = c - -6451. Is p a prime number?
False
Let v be (3048/32)/(6/16). Suppose k = 33 - 17. Is 4/k*(0 - -2)*v prime?
True
Let w = 3578 - -3396. Let x(f) = 4471*f**3 + f**2 - 1. Let a be x(-1). Let o = w + a. Is o composite?
False
Suppose -36*z + 32*z + 12 = 0. Suppose h = -2*x + 22543, -3*h + 4*h = -z*x + 33816. Is x prime?
True
Suppose 6*g + 44*g - 3800258 - 2314092 = 0. Is g composite?
True
Is (-3)/9 - 25/(750/(-6091540)) a composite number?
False
Suppose 4*c + 2*n - 429 - 103 = 0, -5*c + 5*n = -680. Suppose c = v - 257. Is v a composite number?
True
Suppose 0 = -w - 9039 + 38389. Suppose 0 = 5*b + 5*z - w, b - 2*z + 679 - 6543 = 0. Is ((-1)/3)/((-12)/b) a composite number?
False
Suppose -62*x = -66*x + 380. Suppose -3*a = -x - 898. Let o = -188 + a. Is o composite?
True
Let r be (178/(-5))/((-2)/(-30)). Let o(x) = x**3 - 51*x**2 + 67*x + 103. Let f be o(50). Let v = r + f. Is v composite?
False
Let s = -577 + 282. Is s*2/6*(-69)/23 a prime number?
False
Suppose -41*f + 38*f + 1962830 = 5*n, 3*f = -15. Is n a composite number?
False
Suppose 29*h - 12*h = 1194216. Suppose h = 16*i + 8*i. Is i composite?
False
Let r = -1202 + 851. Let n = r + 478. Is n a prime number?
True
Let k(z) be the first derivative of z**4/4 + 4*z**3/3 - 8*z**2 + 13*z + 1. Let o be (-642)/749*(-70)/6. Is k(o) composite?
True
Is (-34)/((-4)/109818*9) prime?
False
Suppose -46790 = 7*c - 300218. Suppose -c = -68*l + 56*l. Is l a prime number?
False
Let v(h) = h**2 + 53*h + 24. Is v(26) prime?
False
Suppose -90*m - 100 = -100*m. Is (-526)/(-4)*3/(3/m) composite?
True
Let y be 2/(-9) - (-76)/18. Suppose -y + 16 = 3*m. Suppose m*d - 5358 = -2*q, 4*d + 4*q - 5368 = -0*q. Is d composite?
True
Let l = 491 - 476. Suppose l*u - 36561 = 13914. Is u a prime number?
False
Let b be (-4)/3 - (-3)/9*4. Suppose -4*j = -3*q - 37, b = 4*j + 5*q - 66 - 11. Suppose -j*w + 14501 = 4*w. Is w composite?
False
Suppose 0 = 6*n + 10*n + 192. Let q(w) be the first derivative of w**4/4 + 4*w**3 - 15*w**2/2 - 17*w - 2. Is q(n) a prime number?
True
Suppose -19771486 = -198*w + 5605971 - 580531. Is w prime?
False
Let c(q) = -5 - 33*q + 106*q**2 - 100*q**2 + 42. Is c(14) a prime number?
True
Suppose j - 3*k - 19865 = 0, -3*k + 36321 = 2*j - 3418. Let r = j - 13359. Is r a composite number?
True
Let x(n) = -77*n - 15 - 119*n - 8*n. Is x(-17) composite?
True
Let b(d) be the second derivative of 24*d - d**3 + 3/2*d**2 - 1/4*d**4 + 1/20*d**5 + 0. Is b(11) prime?
False
Suppose j + 3*b = -3*j + 36692, 0 = 2*b. Is j composite?
False
Is (-7022)/6*(68 + -89) a prime number?
False
Let i be (-68)/6*39/(-26). Let o(y) = -6 + i*y - 1 - 3 - y. Is o(9) a prime number?
False
Is 12/(-30) - 1/(6 + 6960428/(-1160068)) prime?
False
Suppose 0 = 2*p - 5*b + b - 157946, -5*p + 394809 = -2*b. Is p prime?
False
Suppose -4*u + 18 = 22. Is (-3)/(-3)*(u + 2*2736) a composite number?
False
Let f(c) = 1404*c**3 + 2*c**2 - 2*c - 1. Let g be f(1). Suppose 5*u = 5*h - 2587 - g, -3*h + 2400 = 3*u. Is h a prime number?
False
Let t be (3/(9/(-10)))/(22/5775). Let p = -480 + t. Let j = p - -2266. Is j a prime number?
True
Let z = -29479 + 48398. Is z composite?
False
Let j(n) = 461*n + 1. Let g be j(3). Let u = g - 759. Suppose y - u - 1026 = 0. Is y prime?
False
Is (-6591739)/(-189) - (-8)/108 a prime number?
True
Suppose 0 = 5*u + 3*j - 520441, 0 = u - 2*j - 174542 + 70459. Is u composite?
False
Let m be (-3 + (-24)/(-2))*-1. Let o = m - -594. Suppose -183 = 2*r - 3*r - 2*j, 3*r = 3*j + o. Is r composite?
False
Suppose -4*c + 27 = 39, 2*c = b + 113. Let v = 1186 + b. Is v a composite number?
True
Let b = 3281342 + -2302615. Is b a prime number?
True
Let q(m) = 408*m**2 - 4*m - 103. Let z(r) = r**2 - 3*r - 34. Let a be z(7). Is q(a) a composite number?
True
Let d(u) = u**3 - 9*u**2 - u - 92. Let q be d(10). Is (4088/(-84))/(q/33*1) prime?
False
Suppose 34 = -4*h + 14. Let n be (-3)/2*(-20)/(-2). Is 2188 + -2 + h*n/25 composite?
True
Suppose -7*n + 360 = 17*n. Suppose -n*m = -19*m + 5172. Is m a composite number?
True
Let r = 120270 - -380467. Is r a composite number?
True
Let l(i) = 11976*i**3 - i**2 + i. Let r be l(1). Suppose r = 18*a - 14*a. Suppose -a = -5*m - 3*p + 15352, 3*m - 3*p - 11022 = 0. Is m a composite number?
False
Suppose 0 = -b + 38 - 20. Suppose -2*z - 18 - b = 0. Let h(p) = -68*p + 29. Is h(z) a prime number?
False
Suppose 28*x - 43*x = 46*x - 2510821. Is x a composite number?
False
Let r = 62 + -108. Let v = r - -58. Is (v/6)/((-4)/(-46)) a prime number?
True
Suppose 38*u - 30*u = 32*u - 2599944. Is u a prime number?
False
Suppose -7*o - 13104 = -11*o. Let t = -1621 + o. Is t composite?
True
Let h = -11981 - -29236. Suppose 0 = -9*k + 17026 + h. Is k composite?
True
Let t(d) = -8*d - 152. Let p be t(-19). Suppose 2*j + n + 0*n - 12934 = p, -2*j - 5*n = -12918. Is j composite?
False
Let c(u) = 14*u - 24. Let f be c(7). Suppose 2*r + 3*j = -125, -2*r + 5*j - 131 = 2*j. Let p = r + f. Is p a prime number?
False
Let r(j) = 18*j**2 + 2*j + 3. Let n(q) = q**2 - 1. L